it of 3821?
8
What is the thousands digit of 26283?
6
What is the units digit of 3634?
4
What is the tens digit of 9705?
0
What is the hundreds digit of 211?
2
What is the thousands digit of 60801?
0
What is the units digit of 1963?
3
What is the hundreds digit of 24593?
5
What is the hundreds digit of 22393?
3
What is the units digit of 1347?
7
What is the tens digit of 613?
1
What is the hundreds digit of 786?
7
What is the hundreds digit of 410?
4
What is the units digit of 38266?
6
What is the tens digit of 6593?
9
What is the hundreds digit of 187?
1
What is the hundreds digit of 1686?
6
What is the ten thousands digit of 14891?
1
What is the tens digit of 279?
7
What is the units digit of 884?
4
What is the hundreds digit of 1698?
6
What is the tens digit of 10624?
2
What is the units digit of 6711?
1
What is the thousands digit of 3616?
3
What is the units digit of 341?
1
What is the thousands digit of 11591?
1
What is the tens digit of 51509?
0
What is the hundreds digit of 5705?
7
What is the thousands digit of 12457?
2
What is the tens digit of 4235?
3
What is the thousands digit of 3999?
3
What is the thousands digit of 8750?
8
What is the units digit of 7916?
6
What is the ten thousands digit of 118995?
1
What is the units digit of 9508?
8
What is the thousands digit of 3440?
3
What is the hundreds digit of 2648?
6
What is the ten thousands digit of 27432?
2
What is the units digit of 6822?
2
What is the units digit of 520?
0
What is the units digit of 28826?
6
What is the thousands digit of 8233?
8
What is the hundreds digit of 238?
2
What is the thousands digit of 8851?
8
What is the thousands digit of 3206?
3
What is the tens digit of 342?
4
What is the units digit of 553?
3
What is the tens digit of 573?
7
What is the hundreds digit of 2247?
2
What is the thousands digit of 1333?
1
What is the units digit of 678?
8
What is the hundreds digit of 1028?
0
What is the tens digit of 94938?
3
What is the hundreds digit of 113156?
1
What is the units digit of 9151?
1
What is the units digit of 12?
2
What is the units digit of 1056?
6
What is the hundreds digit of 2140?
1
What is the units digit of 5208?
8
What is the units digit of 1643?
3
What is the thousands digit of 70393?
0
What is the units digit of 1315?
5
What is the tens digit of 463?
6
What is the hundreds digit of 727?
7
What is the ten thousands digit of 32851?
3
What is the thousands digit of 52673?
2
What is the thousands digit of 25083?
5
What is the tens digit of 2659?
5
What is the units digit of 86392?
2
What is the tens digit of 517?
1
What is the thousands digit of 3269?
3
What is the hundreds digit of 3207?
2
What is the hundreds digit of 23853?
8
What is the units digit of 6770?
0
What is the hundreds digit of 10677?
6
What is the tens digit of 26416?
1
What is the hundreds digit of 1083?
0
What is the tens digit of 32?
3
What is the thousands digit of 41000?
1
What is the hundreds digit of 677?
6
What is the units digit of 214?
4
What is the hundreds digit of 3343?
3
What is the thousands digit of 27617?
7
What is the units digit of 74665?
5
What is the thousands digit of 158651?
8
What is the units digit of 10260?
0
What is the thousands digit of 1932?
1
What is the units digit of 18199?
9
What is the hundreds digit of 964?
9
What is the hundreds digit of 5993?
9
What is the units digit of 14785?
5
What is the ten thousands digit of 16882?
1
What is the units digit of 648?
8
What is the thousands digit of 1586?
1
What is the units digit of 123?
3
What is the tens digit of 18015?
1
What is the units digit of 3071?
1
What is the hundreds digit of 2141?
1
What is the tens digit of 7059?
5
What is the thousands digit of 21765?
1
What is the tens digit of 12159?
5
What is the hundreds digit of 691?
6
What is the hundreds digit of 7780?
7
What is the thousands digit of 8440?
8
What is the ten thousands digit of 12425?
1
What is the tens digit of 22700?
0
What is the ten thousands digit of 14283?
1
What is the units digit of 110?
0
What is the units digit of 2930?
0
What is the thousands digit of 35844?
5
What is the hundreds digit of 306?
3
What is the hundreds digit of 1454?
4
What is the units digit of 2028?
8
What is the tens digit of 15988?
8
What is the units digit of 5859?
9
What is the tens digit of 342?
4
What is the units digit of 111?
1
What is the tens digit of 14419?
1
What is the ten thousands digit of 13904?
1
What is the units digit of 464?
4
What is the thousands digit of 37100?
7
What is the thousands digit of 5206?
5
What is the thousands digit of 69200?
9
What is the thousands digit of 1887?
1
What is the hundreds digit of 2944?
9
What is the hundreds digit of 2330?
3
What is the tens digit of 133121?
2
What is the ten thousands digit of 96398?
9
What is the tens digit of 95?
9
What is the tens digit of 36?
3
What is the units digit of 35?
5
What is the ten thousands digit of 16861?
1
What is the hundreds digit of 1426?
4
What is the hundreds digit of 21993?
9
What is the units digit of 907?
7
What is the thousands digit of 3463?
3
What is the thousands digit of 5327?
5
What is the hundreds digit of 17301?
3
What is the hundreds digit of 10922?
9
What is the ten thousands digit of 68715?
6
What is the hundreds digit of 344?
3
What is the hundreds digit of 15475?
4
What is the units digit of 116267?
7
What is the tens digit of 1203?
0
What is the units digit of 4302?
2
What is the ten thousands digit of 20611?
2
What is the tens digit of 631?
3
What is the hundreds digit of 719?
7
What is the hundreds digit of 22562?
5
What is the units digit of 1516?
6
What is the hundreds digit of 244?
2
What is the tens digit of 2092?
9
What is the hundreds digit of 3765?
7
What is the tens digit of 20?
2
What is the thousands digit of 4730?
4
What is the thousands digit of 1564?
1
What is the tens digit of 51484?
8
What is the hundreds digit of 14900?
9
What is the hundreds digit of 6038?
0
What is the tens digit of 3439?
3
What is the tens digit of 6990?
9
What is the tens digit of 44815?
1
What is the hundreds digit of 80070?
0
What is the hundreds digit of 2650?
6
What is the hundreds digit of 8455?
4
What is the tens digit of 756?
5
What is the ten thousands digit of 14692?
1
What is the tens digit of 561?
6
What is the ten thousands digit of 110505?
1
What is the hundreds digit of 34956?
9
What is the tens digit of 79?
7
What is the hundreds digit of 159522?
5
What is the tens digit of 3797?
9
What is the thousands digit of 11154?
1
What is the tens digit of 32507?
0
What is the units digit of 2121?
1
What is the thousands digit of 2152?
2
What is the tens digit of 1138?
3
What is the hundreds digit of 618?
6
What is the tens digit of 4355?
5
What is the tens digit of 31791?
9
What is the tens digit of 16066?
6
What is the tens digit of 1431?
3
What is the units digit of 406?
6
What is the tens digit of 45798?
9
What is the tens digit of 6689?
8
What is the tens digit of 3408?
0
What is the hundreds digit of 5638?
6
What is the units digit of 5865?
5
What is the thousands digit of 4247?
4
What is the thousands digit of 6005?
6
What is the tens digit of 3449?
4
What is the units digit of 919?
9
What is the units digit of 5587?
7
What is the hundreds digit of 42908?
9
What is the ten thousands digit of 131861?
3
What is the tens digit of 1967?
6
What is the tens digit of 4198?
9
What is the units digit of 141869?
9
What is the hundreds digit of 4582?
5
What is the units digit of 140?
0
What is the hundreds digit of 1241?
2
What is the hundreds digit of 69880?
8
What is the ten thousands digit of 27740?
2
What is the tens digit of 20272?
7
What is the tens digit of 753?
5
What is the tens digit of 35550?
5
What is the tens digit of 720?
2
What is the tens digit of 1717?
1
What is the tens digit of 1200?
0
What is the thousands digit of 2930?
2
What is the thousands digit of 9020?
9
What is the tens digit of 15026?
2
What is the units digit of 13851?
1
What is the tens digit of 15431?
3
What is the units digit of 353?
3
What is the tens digit of 8391?
9
What is the ten thousands digit of 45769?
4
What is the units digit of 8314?
4
What is the units digit of 28680?
0
What is the hundreds digit of 1097?
0
What is the tens digit of 136395?
9
What is the thous